ainder when 79 is divided by o.
15
Let u(z) = -94*z - 894. Let i(n) = -47*n - 450. Let k(m) = 5*i(m) - 2*u(m). What is the remainder when 18 is divided by k(-10)?
2
Let f = 26289 - 26279. Calculate the remainder when 2968 is divided by f.
8
Let l = -649 - -843. What is the remainder when l is divided by (-145)/29 - (0 - 52)?
6
Calculate the remainder when 21564 is divided by (1/6)/((-124)/(-58776)).
76
Suppose 0 = 3*v + 4*z - 34, -2*v - 142*z + 146*z = -16. What is the remainder when 849 is divided by v?
9
Suppose 3*u - 7056 = i, 804*i - 802*i = 5*u - 11761. What is the remainder when u is divided by 45?
11
Suppose 0 = -c - 1422 + 1462. Calculate the remainder when 104 is divided by c.
24
Suppose 0 = -3*p + 4*l + 99, -22*l + 20*l - 68 = -2*p. Calculate the remainder when p is divided by 36.
1
Calculate the remainder when (-60)/25*5590/(-39) is divided by 78.
32
Let a = 3341 - 3239. Let k(r) = -6*r - 7. Calculate the remainder when a is divided by k(-7).
32
Suppose 11*q + 3*y + 9 = 12*q, 3*q = 4*y + 22. Suppose -4*x + 15 = 3*r - 6, -2*r = 2*x - 10. What is the remainder when (-40)/q*x/(-5) is divided by 4?
0
Let c(v) = -15*v - 15. Let u = 187 - 189. Calculate the remainder when 73 is divided by c(u).
13
Suppose -r = -0*r - 2*r. Suppose -2*f = -3*c + 278 + 313, 2*f = r. What is the remainder when c is divided by 50?
47
Let q = 4548 - 4290. Calculate the remainder when q is divided by 257.
1
Suppose -5*o = 15, 2*y - 2*o + 50 = -2*y. Let t = -3349 + 3356. What is the remainder when 6/(-21) - 284/y is divided by t?
6
Let c be 0 + (20/10 - 1/(-1)). Suppose 0 = 3*j + c*j - 570. Suppose 0 = -8*u + 73 + j. Calculate the remainder when 41 is divided by u.
20
Suppose 0*j = 26*j - 52. Suppose 5*c - 100 = -5*q, -3*q + j*c = -7*q + 70. What is the remainder when 131 is divided by q?
11
Suppose -4*n + 2290 = -2*c, 4*c + 2858 = -26*n + 31*n. Let y = n + -258. Calculate the remainder when y is divided by 36.
28
Let o(i) = -i**2 - 68*i + 77. What is the remainder when 4462 is divided by o(0)?
73
Suppose 19 = -2*t + 11. What is the remainder when (-6 - 0)*t/6 - -61 is divided by 6?
5
Let u(k) be the third derivative of k**5/5 + 7*k**4/24 + 2*k**3/3 + 81*k**2. Calculate the remainder when u(-2) is divided by 8.
6
Let t(u) = u**2 + 20*u + 11. Let a be t(-14). What is the remainder when 41 is divided by (a - -74)*(26 + 2/2)?
14
Let h(m) = -2*m**2 + 33*m + 4. Let o be h(16). Suppose -o = -n - n. Calculate the remainder when 37 is divided by n.
7
Let d(a) = 66*a + 3. Let u be d(0). Suppose 2*p - 92 = u*h + 52, h = 0. What is the remainder when p is divided by 13?
7
Suppose -k - 498 = 4*p, -3*k - k - 504 = 4*p. Let w = p + 137. Calculate the remainder when 37 is divided by w.
11
Calculate the remainder when 3073 is divided by (-576)/(-96) - 2/(-2)*6*18.
109
Let u = -16962 + 17042. Calculate the remainder when 180 is divided by u.
20
Let q(s) = 98*s - 735. Let a(r) = 148*r - 1102. Let t(m) = 5*a(m) - 7*q(m). What is the remainder when 115 is divided by t(7)?
11
Let h(z) = 41*z**2 + 191*z + 19. Calculate the remainder when h(-8) is divided by 4.
3
Let u(f) = f**3 + f**2 - 16*f + 12. Calculate the remainder when 651 is divided by u(-3).
21
Let c be ((-121)/(-3) + 1)/((-10)/(-75)). Let d = c + -172. What is the remainder when d is divided by 14?
12
Suppose -31*c = 4*x - 30*c - 141, 0 = -4*x + 4*c + 156. What is the remainder when 149 is divided by x?
5
Let w(h) = 2*h**3 - 10*h**2 + 8*h - 5. Let f(z) = 224*z - 32019. What is the remainder when w(6) is divided by f(143)?
11
Calculate the remainder when (8 + 91)*((-10)/3)/(-5) is divided by 5 + (-24)/20*(-18 + 3).
20
Suppose 471 - 2032 - 6923 = -28*x. Let k(g) = g**3 - 3*g**2 - 9*g + 11. Calculate the remainder when x is divided by k(5).
15
Let k be 284/13 + 7/(1092/24). Suppose -33*u + 8855 = -k*u. What is the remainder when u is divided by 62?
61
Suppose r + 0 = 1. Suppose 150 = 8*v - 2. What is the remainder when 2 - 5/r - -75 is divided by v?
15
Let s = -43 - -58. Let c be (-6)/(-3 - s/(-10)). Suppose c*p = 3*p + 18. What is the remainder when p is divided by 4?
2
Let n(z) = z**3 - 9*z**2 + 12. Suppose -20 = 15*g - 10*g, -h + 71 = 4*g. Let i = h - 80. Calculate the remainder when n(9) is divided by i.
5
Let t(s) = s**2 + 112*s - 2311. What is the remainder when 1128 is divided by t(18)?
26
Suppose 64458 - 238254 = -84*v. Calculate the remainder when v is divided by 1023.
23
Suppose -463*s + 460*s + 29 = -5*z, 39 = 5*s + z. Suppose -4*j + 757 = -515. What is the remainder when j is divided by s?
6
Let t(l) = -11*l + 70. Let w be 3/6*(-1 - -11) + 0. Calculate the remainder when 46 is divided by t(w).
1
Let q(j) = 28*j - 2. Let t = 6 - 4. Suppose -2*b + 3 = t*o - 49, 2*b - 23 = -o. What is the remainder when q(2) is divided by o?
25
Suppose -8*f = -0*f - 376. Suppose 45*s = f*s. What is the remainder when s + -4 + 6 + 62 is divided by 17?
13
Suppose 3*o + 16 = 3*q - 2, 5*q + o - 18 = 0. Suppose -q*u = 4*c - 200, 5*c - 34 = u - 84. Calculate the remainder when 248 is divided by u.
48
Suppose 43*f - 31*f - 252 = 0. What is the remainder when 1381 is divided by f?
16
Calculate the remainder when (-88065)/(-180) + (-1)/4 is divided by 36.
21
Let w(m) = m + 1. Let i be w(-3). Let z = i + 61. Suppose 0 = z*h - 63*h + 300. Calculate the remainder when h is divided by 39.
36
Let n = -1338 + 2191. Calculate the remainder when n is divided by 178.
141
Suppose -717 = -3*m - 4*s, 11*s - 470 = -2*m + 7*s. Calculate the remainder when m is divided by 228.
19
Suppose 0 = -4*t + 2*o + 608, -3*t - 7*o = -3*o - 434. Suppose -8*r + 13*r - t = 0. Let y = r - 17. Calculate the remainder when y is divided by 3.
1
Let z = 15 + 25. Let y = z + -33. What is the remainder when 11 is divided by y?
4
Suppose -6*d + 4552*n + 170 = 4556*n, -5*d + 5*n + 50 = 0. Let l(b) = -b**2 - 13*b. Let p be l(-6). What is the remainder when (p + -1 - 0)/1 is divided by d?
20
Suppose -55*h + 30*h = -1375. What is the remainder when h/3*(8 - (3 + -1)) is divided by 24?
14
Suppose 341*x = 324*x + 5627. Calculate the remainder when x is divided by 69.
55
Suppose -17*n + 20*n = -2*s - 1119, n + 356 = 5*s. Let q = n - -462. Calculate the remainder when q is divided by 32.
27
Let i(w) = 31*w**2 + 24*w + 17. What is the remainder when i(-3) is divided by 69?
17
Let g(w) = 2*w**2 - 10*w + 4. What is the remainder when (-8420)/(-68) + (-60)/(-340) is divided by g(7)?
28
Let r(z) = 88*z**2 - 41*z + 183. What is the remainder when r(4) is divided by 279?
32
Let k be ((-1)/(-5))/((-2)/20*-2). Calculate the remainder when 234 is divided by k/(7/420)*1.
54
Let d be (4 - ((-20)/8 - 3))*-4. Calculate the remainder when 48 is divided by 10/(-45) + (d/(-9) - -1).
3
Suppose 4*g = -p + 596 + 205, -2*p = -10. Suppose -668*j + 673*j - 2*c - 355 = 0, -3*j - 2*c = -213. Calculate the remainder when g is divided by j.
57
Suppose -59*b = 204*b - 2893. What is the remainder when 2550 is divided by b?
9
Let n be (-27)/(-6)*(-20)/15. What is the remainder when (4 - -34)*n/(-4) is divided by 6 - (498/(-54) - 2/(-9))?
12
Suppose 3*s + r - 892 = 0, 5*s - 3*r - 888 = 2*s. Calculate the remainder when s is divided by (225/12 - 0)*4.
72
Suppose -3*b = -5*a + 3504, -74*a + 2*b - 2091 = -77*a. Calculate the remainder when a is divided by 50.
49
Suppose -q + 218 = 5*t, -5*q + 135 + 31 = 4*t. Let a(z) = -2*z**3 - 6*z**2 + 9*z + 57. What is the remainder when a(-5) is divided by t?
24
Suppose 4*v - 1360 = -18*v - 18*v. What is the remainder when 1188 is divided by v?
32
Let c = 3422 + -3357. What is the remainder when 460 is divided by c?
5
Suppose -5*g + 4*z + 319 = 0, -17*z + 21*z = 4*g - 260. What is the remainder when g is divided by 50?
9
Let f(b) = 213*b - 3037. Calculate the remainder when f(16) is divided by 98.
77
Suppose -172048 - 83835 = -716*w - 6715. Suppose -5*q + 79 = -171. Calculate the remainder when w is divided by q.
48
Let g = 3741 + -3513. What is the remainder when 1363 is divided by g?
223
Let y(f) = 8*f**2 + 5*f + 12. Let a be y(-4). Let j = a - 113. What is the remainder when 46 is divided by j?
4
What is the remainder when (-43625)/50*6/(-2*15/12) is divided by 297?
15
Suppose -5*k + 37 = 32. Calculate the remainder when 29 is divided by (8 + -4)*(k + 3).
13
Let j(o) = 44*o + 